 24)?
6
Evaluate 17 - (-41 - -60) - ((0 - 1) + -1).
0
Evaluate ((8 - 8) + 3 - (-11 - -16)) + 0.
-2
What is the value of -24 + 11 - (0 - 7) - -12?
6
Evaluate 9 - -1 - (7 - 10).
13
Evaluate 11 + (-1 - (12 + -12)).
10
What is the value of (0 - 0 - (-22 - (-26 - -2))) + 24?
22
What is the value of -8 + (-5 + (-17 + 6 - -15) - 0)?
-9
What is the value of -22 - (0 - 1 - (-14 - (-19 - 3)))?
-13
Calculate (-5 - -1) + -4 + 2 - -1 - -7.
2
Calculate 21 - ((6 - 21) + 50).
-14
Evaluate (-2 + 7 + 16 - 3) + -4.
14
What is 9 + -28 + 7 + 24?
12
Evaluate (15 - 36 - -2) + 12 + 2.
-5
What is 20 - (7 + 25) - 0?
-12
What is the value of -9 + 7 + (3 - 26) - -12?
-13
(-41 - -94) + 17 - 41
29
(11 - 1) + -272 + 261
-1
What is the value of -8 + (13 + -4 - 0) + 12 + 0?
13
What is -15 - (-14 - -22) - -27?
4
What is the value of (-4 - -14) + -21 + (-16 - -36)?
9
What is the value of (5 - 44) + (-230 - -283)?
14
Evaluate (-22 - -1) + -7 - -9.
-19
Calculate (23 - (11 + -3 + -1)) + -15.
1
What is -1 - ((5 - 25) + 6 + (6 - -1))?
6
What is (4 - (10 + -2)) + 1 + 6 - 3?
0
What is -2 - (-5 - ((4 - 0) + 1 - 16))?
-8
Calculate (-4 - -1) + (20 - ((6 - 6) + 5)).
12
Calculate -16 - (-13 - -17 - 15).
-5
(-1 - (-12 + 7)) + 0 + 0 + -5
-1
Calculate 4 - ((1 + -5 - (2 + -9)) + 29).
-28
What is the value of (3 - 0) + 4 + (7 - 4) + -4?
6
Evaluate (-15 - (-4 - 23)) + -21.
-9
-20 - 31 - (-3 - -12 - 20)
-40
What is 9 - 2 - 0 - (-7 + -2 + 5)?
11
Evaluate -6 - (-61 + 49 - (-6 + -1)) - -12.
11
Calculate 4 - 20 - (10 - (1 - -6 - -2)).
-17
10 + 10 + -100 + 105
25
What is the value of 1 + (3 - -2 - 6) + -2 + -1?
-3
Evaluate 9 + 1 + (-1 - -2) + -4.
7
Evaluate -21 + (1 - 1) + (19 - 8).
-10
Calculate (-28 + -10 - -17) + 5.
-16
-13 + (-6 - -11) + 3
-5
What is 5 + (15 - 14) + 5?
11
What is -22 - (30 + 1 + -42)?
-11
Evaluate (95 - 85) + 0 + 2 + -1 + -5.
6
Evaluate 2 + 41 - (32 + -1 + -20).
32
Calculate 6 + -6 - (-6 + 2 + -8).
12
Calculate 1340 - 1354 - ((-1 - 0) + -1).
-12
Evaluate 12 - ((1 + 9 - -1) + -7).
8
3 - (-3 + 1) - (-36 - 15 - -38)
18
Evaluate 14 + -4 + 5 + -18 + (-1 - -9).
5
Calculate -23 + (-1 - -47) + -25.
-2
What is the value of -8 - -4 - (-24 - -40)?
-20
What is the value of 3 + -12 + 23 + -4 + 10?
20
Calculate 15 - 16 - (-48 + 7).
40
Evaluate 8 - 40 - (47 + -59).
-20
-11 + -11 + -1 + 8
-15
7 - (15 - (-2 - -7) - -12)
-15
Evaluate 1 + 2 + -2 - -1 - -10.
12
What is -18 + -3 + (-3 - (-13 + 1))?
-12
Evaluate 0 + 1 - (-496 + 513).
-16
(-7 - -24 - 1) + (-12 - -14)
18
18 + -19 - -21 - 33 - 0
-13
What is 8 + -13 + 4 + -10 + 1?
-10
Calculate 4 - (-3 + 36 + -12).
-17
What is the value of 3 - (-28 - (-18 + 5))?
18
What is 216 + -231 + (3 - 2)?
-14
13 - 13 - 9 - -20
11
What is -4 - (-4 + 2) - (-5 - -1)?
2
What is the value of 1 + (5 - -2) - (79 + -114 - -41)?
2
Calculate 4 + (3 - (30 + -19)) - (-24 + -1).
21
What is the value of 0 - 12 - 0 - (-55 - -50)?
-7
Evaluate -5 + 13 + -14 + 7 + -1 + -4.
-4
What is 6 + 0 + -4 - (7 + -6 - 3)?
4
Calculate 7 - -1 - (11 - (-9 + 8 - -19)).
15
What is the value of (-13 - 1) + (-19 - -26) + 1 + 7?
1
Calculate -15 + (5 - -20) + 1.
11
Calculate -1 + 6 - 2 - (14 - (-4 - -7)).
-8
What is (2 - 2) + 7 - (-20 + -4 + 7)?
24
(12 - 26) + 28 + -22
-8
What is (-9 - (-4 + 1)) + 19 + -35?
-22
-1 + (0 - (0 - (-10 + -1) - 6))
-6
Calculate (-30 - 8 - -2) + -3 + (14 - 2).
-27
Evaluate (15 - 3) + -24 - 2.
-14
What is -4 - (-27 + 0 + -2 + 69 + -61)?
17
(-8 - -15) + 0 + -16 + -6
-15
Calculate 6 - (3 + 0) - (-19 - (-31 + 11)).
2
Calculate 0 - (-9 + 6 + 4 - 7).
6
What is (17 - -4) + (11 - 50)?
-18
What is (6 + -5 - 1) + -298 + 303?
5
(-3 + -9 - 7) + 9 + 22
12
What is the value of 2 + -8 - (1 - (-8 + (6 - -4)))?
-5
8 + -6 + (-7 + 7 - -12)
14
What is -6 + (7 - (-24 - -10) - 6)?
9
What is (-6 - (2 - 13)) + -7?
-2
What is the value of 11 + (-2 + -3 - (49 + -12))?
-31
Calculate 102 + -113 - ((-1 - 8) + 3).
-5
What is the value of 77 + -87 - (-1 + 2 + -1 - 1)?
-9
(-8 + -4 - (-6 - 3)) + (0 - 1)
-4
What is the value of 8 - (0 + 0) - (-13 + 22)?
-1
Evaluate 5 + (239 + -254 - ((2 - 3) + 3)).
-12
Evaluate -13 + -14 + 10 - -28.
11
Evaluate -16 + (1 - -2) + -222 + 227.
-8
Calculate -10 + -1 + 37 + 3.
29
What is the value of 56 + (10 - (2 + 35))?
29
What is (-10 - -13) + 12 - 7?
8
(-2 - -70) + -7 + -32
29
What is the value of -18 - ((-2 - (5 + -1)) + (-33 - -47))?
-26
What is the value of -2 + -7 + -3 + 8 + -3 + 2?
-5
12 + -12 + -1 + 5 - (-2 - 1)
7
Evaluate (-1 - -7) + (-8 - (15 - 18)) - 7.
-6
(-4 - (-1 + 5)) + 18 - 5
5
What is -18 - ((21 - -5) + -24)?
-20
What is the value of -1 + (3 - (3 + -2 - 10)) + -4?
7
What is the value of 1 - 26 - (-8 + -7 + -6 + 14)?
-18
-5 - (-9 + (-6 - -12) + -1)
-1
What is 3 - (0 + -4 + 1) - -9?
15
6 + 1 + 3 + -8
2
-15 - -8 - -9 - (7 + -1)
-4
What is the value of 2 + -8 - 7 - ((-6 - -2) + 2)?
-11
Calculate -31 - -20 - 7 - (-1 + 0 + -1).
-16
What is -20 + -5 + 3 + 12?
-10
-9 + 6 + -4 + -2 + -7
-16
8 - (-27 - (7 + -19))
23
Calculate 19 + (3 - (2 + 1) - (55 - 47)).
11
What is the value of (-49 - -40 - (-16 + -5 + 4)) + 14?
22
Calculate -11 - ((196 - 204) + -7 + 0).
4
4 + -16 + 9 + (-15 - -44)
26
Calculate -20 + (2 - -5) + 5 + 2 + -11.
-17
Evaluate 15 - (0 + -11 - (261 + -272)).
15
Evaluate 3 - (-78 + 72 - (-3 + -1)).
5
What is the value of (9 - 10 - -5) + -6?
-2
Evaluate (-10 - 1) + -108 + 127.
8
What is the value of -73 + 35 + (1 - -11) + 7?
-19
What is the value of 2 + 9 + -5 + (-13 - 11)?
-18
What is -10 - (19 + 0 + 27 + -15 + -21)?
-20
What is the value of 13 - (23 - (29 - 17))?
2
-150 - -147 - (1 - 4) - -13
13
Calculate -14 - (7 - (-2 - -24)) - 15.
-14
-3 + -13 + 13 + -16 + 11
-8
What is 6 + (1 + -6 + 12 - -4)?
17
-10 - -14 - (2 + (0 - -5) + -4)
1
Calculate 0 - (-5 - -6) - (-3 + 3).
-1
25 - (16 - (-13 + 6))
2
What is the value of (-2 - -5) + -14 + -1 + 10 + -13?
-15
What is the value of 15 - (40 - 6 - 12)?
-7
Calculate (321 + -320 - (0 - 9)) + -38.
-28
Evaluate (13 - (-13 + (-13 - -34))) + 10.
15
What is (-3 - -11) + -13 + -4 + -8 + 9?
-8
What is the value of -14 + 0 + (-45 - (53 + -111))?
-1
What is 0 - 11 - (-25 + 9 - -7) - -2?
0
Evaluate 3 - (-3 + 6) - (-10 + 12 + -6).
4
What is the value of 27 + 13 + -37 - (0 + 6)?
-3
What is (6 - (-7 + 33)) + 12 + -14?
-22
20 + (-2 - 17) + (1 - (3 - 0))
-1
8 + (2 - 3) - (-2 + -4 - -9)
4
Evaluate -1 + 6 + (-36 - -20) - (2 - 8).
-5
Calculate 1 + -4 - (-53 - -40).
10
What is (16 - (-3 + 16)) + -3?
0
What is (-8 - 1) + (7 - 11 - -14)?
1
What is 84 - (59 + 3) - (6 + (-2 - -3))?
15
What is the value of 14 + -51 + (3 - -27)?
-7
What is the value of 16 - (-21 + 55 - 11)?
-7
What is -1 + (14 - (10 + -1)) + (1 - 1)?
4
Calculate 3 - ((8 - 3) + (3 - 3) + -2).
0
Evaluate 15 + -1 + 17 + (-12 - 9).
10
What is the value of (-1 - -2) + 1 + -3?
-1
Calculate -3 - 2 - ((6 - 3 - 20) + -1).
13
Calculate -16 - -14 - -52 - 12.
38
Calculate (-1 + 12 - 6 - 23) + -2 + 4.
-16
What is -42 - ((-17 - -19) + -25)?
-19
Evaluate (4 + 0 + 1 - (808 + -812)) + -19.
-10
Evaluate (19 + 9 - 13) + -15.
0
-2 + -3 + (-21 - (-16 + -12))
2
Evaluate 35 + -16 + -2 + -2.
15
What is the value of 0 + -30 + (232 - 220)?
-18
-31 + 0 - (3435 + -3431)
-35
1 - 9 - (-17 - -13) - (-11 - 2)
9
What is 10 + -6 + (-9 - -2) - 7?
-10
What is the value of (4 - 11) + -4 - (146 - 142)?
-15
(2 + -9 + 29 - -1) + -4 + 6
25
1 + (1 - -4) - (17 + -20 - -2)
7
What is the value of (79 - 53) + -14 + (0 - 23)?
-11
What is -23 + (-1 - -14) - -31?
21
-2 + 6 + -4 - (-8 + (-6 - -6))
8
Evaluate -5 + 26 + -57 + 26.
-10
What is (15 - (-4 - 6)) + -31?
-6
What is the value of 25 - (-2 + (39 - 28 - (4 - -1)))?
21
Calculate 2 + -9 + (6 - 3 - -13).
9
What is (10 - (0 + 1) - -10) + 19?
38
Evaluate -17 - (20 + -69 - -27).
5
23 + -21 + 2 + -5 + -1 + 1
-1
Calculate -33 + 24 + 1 + 2 + -19 + -1.
-26
Calculate 3 + 12 + -4 + (4 - 17) - 6.
-8
What is -32 + (-6 + 9 - -10)?
-19
Calculate -40 - (-3 - (27 + -13)).
-23
Calculate -40 - (-12 + 0) - -15.
-13
-28 - (1 + (-37 - -20))
-12
Evaluate 6 + (8 - (-5 + (-5 + 6 - -5))).
13
What is 1 + -13 + -1 - (-54 - (-65 + 14))?
-10
What is (-2 - ((-4 - (-7 + 2)) + 9)) + -4?
-16
What is -23 + (2 - -21) + -15?
-15
Calculate (5 - 3 - 8) + (7 - -8).
9
1 + 5 + -11 + 1 + 11
7
Evaluate 7 + (9 - -7) + -32 + 5.
-4
Calculate (-2 - 11 - -4) + 4 - (-13 + -2).
10
What is -7 + -10 + 7 + -3 + 7?
-6
-3 + (0 + -